90 and h?
10
Let g(u) = -u**3 - 18*u**2 + 38*u + 4. Let x be g(-20). Calculate the greatest common factor of x and 8.
4
Suppose 2*v - 25 = -5*z, -2*z - 27 = -6*z - 3*v. What is the highest common factor of z and 18?
3
Let m(x) = -x - 5. Let q be m(-9). Suppose -7 = -3*n - 5*a + 2, 0 = n - q*a - 3. What is the highest common divisor of n and 2?
1
Suppose -8*d - 25 = -3*d. Let y = 12 + d. Calculate the highest common divisor of 42 and y.
7
Let p = -7 - -11. Suppose 0 = n - 4*b - 36, 88 + 28 = p*n - 2*b. Let j be 2/7 - (-1420)/n. What is the greatest common factor of 17 and j?
17
Let n(h) = 2*h**3 + h**2 - 3*h - 3. Let r be n(-2). Let d be 4/(-2 - r/4). What is the highest common factor of 128 and d?
16
Suppose 15 = 3*z + 3. Suppose z*n - 61 - 83 = 0. Let f = 35 - 31. What is the greatest common factor of n and f?
4
Let r be 2/7 - (-1660)/70. What is the highest common factor of r and 6?
6
Suppose 3*m - 46 = 14. Suppose 110 = 2*t + 2*j, -4*t + j + 231 - 36 = 0. Calculate the highest common factor of m and t.
10
Suppose -3*n + 5*n - 60 = 0. Let a(m) = 10*m. Let c be a(1). What is the highest common factor of n and c?
10
Let n = -23 + 32. What is the greatest common divisor of n and 81?
9
Suppose -2*a - 2*l + 68 = 0, -4*a + 5*l = -2*a - 68. What is the highest common factor of 17 and a?
17
Suppose 2*q + 2*n = -886, -5*q + 2*n = 6*n + 2213. Let w be 3/(-4) + q/(-28). What is the greatest common divisor of w and 10?
5
Let q be 95/10 - 5/(-10). Calculate the highest common factor of 140 and q.
10
Let m be (-1 - -2)/1 - -1. Suppose -5*v = -3*v - j - 141, m*v + 4*j - 116 = 0. What is the highest common factor of 17 and v?
17
Let a(j) = 37*j + 7. Let o be a(1). Calculate the greatest common factor of o and 4.
4
Let a(w) = -w + 3. Let k be a(0). Calculate the greatest common factor of k and 9.
3
Let t be 2 + -3*3/(-9). Suppose 8*p - 75 = t*p. Suppose p + 7 = 2*a. What is the greatest common factor of 121 and a?
11
Let c(w) = -w**2 - 18*w + 28. Let l be c(-14). What is the highest common divisor of 12 and l?
12
Let j = 282 - 195. Let h = 134 - j. Suppose -h = -4*x + 41. Calculate the greatest common factor of 11 and x.
11
Let t = 191 - 181. Calculate the highest common factor of 35 and t.
5
Let t(m) = -m**3 - 2*m**2 + 2*m. Let g be t(-3). What is the highest common factor of g and 9?
3
Let u(o) = -o**3 + 13*o**2 - 13*o. Let d be u(11). Let h = 3 - 0. Suppose -5*k = -h*k - 18. What is the greatest common factor of k and d?
9
Let j be (-1 + 0)/((-1)/2). Let a(r) = r - j*r**2 + 3*r**3 - r**2 + 0*r**3. Let c be a(2). What is the greatest common divisor of c and 126?
14
Suppose -7 + 1 = -2*a. Let i be 2/a + 1386/27. Calculate the highest common factor of 13 and i.
13
Suppose -5 - 1 = -3*u. Let x be 2 - (2 + -4 + -1). Suppose -u*m + 7*m = x*i - 60, -4*m = i - 2. Calculate the highest common divisor of 10 and i.
10
Suppose -4 = 2*c + 6, -3*y = -2*c - 16. Let i = 54 + 6. Suppose -y*d + i = 12. Calculate the greatest common factor of 8 and d.
8
Let q be (-1)/(-1)*(1 - -4). Suppose -11 = -3*u - q. What is the highest common divisor of u and 1?
1
Let t be ((-49)/(-21))/((-2)/(-6)). What is the highest common factor of 63 and t?
7
Let p(d) = 3*d + 16. Let t be p(-3). What is the greatest common divisor of t and 91?
7
Suppose -3 = -4*t - 3*o + 6*o, -5*t + 21 = 2*o. What is the highest common factor of t and 60?
3
Let c = -15 + 45. What is the greatest common divisor of 10 and c?
10
Let k be (-1)/((-2)/72 + 0). Let w(p) = 13*p - 1. Let r be w(1). Calculate the highest common factor of r and k.
12
Let a be (1 + (-2)/(-4))*178. Suppose 2*p + 51 = a. What is the highest common divisor of p and 12?
12
Let i be ((-20)/(-8) - 4)*-10. What is the greatest common divisor of 6 and i?
3
Let k = 45 - 35. Let g = -26 - -51. What is the greatest common divisor of g and k?
5
Let l be 54 + 3 + (1 - 4). Calculate the highest common divisor of l and 6.
6
Suppose -9*l = -4*l - 135. Let u be (-3)/(-12) - (-7)/4. Suppose u*w - w - 18 = 0. What is the highest common factor of l and w?
9
Let a = -3 + 6. Suppose a*v - 1112 - 100 = 0. Suppose -v = -5*p - 104. What is the greatest common factor of 12 and p?
12
Suppose 2*y - 87 = 3*k + 122, 515 = 5*y - 5*k. What is the greatest common factor of y and 10?
10
Let i be (-3 + 89/5)/((-3)/(-15)). What is the highest common factor of 37 and i?
37
Let j(r) = r**2 - 2. Let u be j(2). Let q be 30/u*10/3. Suppose -z = -t + 4*t - 30, 5*z - q = -5*t. Calculate the highest common divisor of t and 90.
10
Let c be -3 - (-2)/1*6. Let g = c + -6. What is the highest common divisor of g and 3?
3
Let z be (-3)/((27/30)/(-3)). Let g = -5 + z. Calculate the highest common factor of g and 10.
5
Let x(c) = -c**3 - 11*c**2 - 13*c - 14. Let u = 26 - 36. Let b be x(u). Calculate the greatest common divisor of b and 40.
8
Let v be (-2 + 3)/(2 - (-63)/(-33)). Calculate the highest common divisor of 121 and v.
11
Suppose -2*k - 5*j + 543 = 0, -4*k + 2*j + 1062 = 4*j. Calculate the greatest common factor of 24 and k.
24
Suppose 8 = 5*s - 82. Let g(u) = u**3 + 5*u**2 - 3*u - 3. Let w be g(-5). Calculate the highest common divisor of s and w.
6
Let i(l) = l**3 + 4*l**2 + 2. Let n be (-4)/(4/(-3))*-1. Let g be i(n). Let p = g - 5. What is the highest common divisor of 12 and p?
6
Let w be 2/(-11) + (-350)/(-110). What is the greatest common divisor of w and 27?
3
Let l(n) be the first derivative of -n + n**3 - 2 - 1/2*n**2. Let y be l(2). Calculate the greatest common factor of y and 72.
9
Let l(q) = -q**2 - 6*q - 6. Let u(b) = b**3 + b**2 + b - 4. Let a be u(0). Let r be l(a). What is the highest common factor of r and 3?
1
Let m = 99 + -88. Calculate the greatest common factor of m and 77.
11
Let g = 64 - -28. What is the highest common factor of g and 23?
23
Let w be 1/(3*(-1)/(-18)). Suppose 0 = 4*z - 5*k - 42, 18 = 3*z - 0*z + 3*k. Let q be (-1 - z)/(0 - 1). What is the highest common divisor of q and w?
3
Suppose 0 = -5*f - f + 90. What is the highest common divisor of f and 120?
15
Let v = -7 - -17. Let p be (32/5)/(4/v). What is the greatest common factor of p and 24?
8
Let t be ((-50)/(-6))/((-5)/15). Let c = -7 - t. Let s(f) = 19*f**3 - 2*f**2. Let g be s(2). Calculate the greatest common divisor of c and g.
18
Let d(o) = -21*o - 51. Let l be d(-5). What is the highest common divisor of l and 108?
54
Let u = 19 + 41. Calculate the greatest common divisor of 20 and u.
20
Suppose -25*d + 30*d - 75 = 0. What is the greatest common divisor of d and 3?
3
Let h(t) = t**2 - t. Let a be h(3). Let g(i) = -i - 3. Let f be g(-7). Let z = 10 - f. Calculate the greatest common divisor of a and z.
6
Suppose -5*o = -0*i - 2*i + 1039, -213 = o - 3*i. Let j = 471 + o. Calculate the highest common divisor of j and 24.
24
Let a(y) = y + 23. Suppose 0 = 3*s - 2*s - 2. Suppose -5*h = -s*h. Let n be a(h). Calculate the greatest common divisor of 46 and n.
23
Suppose 5*o - 4*x = 21, x - 26 = -2*o - 3*o. Let i = o - 2. Suppose -i*g + 42 = y + 14, 2 = 2*y. What is the highest common divisor of g and 3?
3
Let v = -12 + 78. Calculate the greatest common divisor of v and 22.
22
Let f be 0 + -3 - (14 + -22). Suppose 4*j = 0, -3*s + 2*j - j = 0. Let a = s + f. Calculate the highest common factor of a and 1.
1
Let q be 6/(-39) + 821/13. Calculate the greatest common divisor of 7 and q.
7
Suppose 0 = -0*x + 5*x - 60. Suppose -18 = -0*k + 4*k + 3*p, 2*k + 3*p + 6 = 0. Let c be (4 + 5)*(-32)/k. Calculate the greatest common factor of c and x.
12
Suppose i = f - 5*f + 6, 2*f = 3*i - 4. Let d(l) = 47*l + 2. Let v be d(f). Calculate the greatest common factor of 7 and v.
7
Suppose 50 = 3*f - 106. Calculate the greatest common divisor of 13 and f.
13
Let r(q) = q + 11. Let i be r(-9). Calculate the highest common factor of i and 14.
2
Let z = 58 - 53. Calculate the highest common factor of z and 55.
5
Let m be 2 - (1 - (2 - 2)). What is the highest common factor of 5 and m?
1
Let v be (-5 - -3)/((-3)/(-36)). Let z = 46 + v. Calculate the highest common factor of z and 55.
11
Let t be (-6)/((-1)/((-2)/(-3))). Suppose t*p = 2*v - 4, 2*p - v - 1 = -3*p. Let f be 7/2 + p/(-2). What is the highest common factor of 27 and f?
3
Suppose 0 = -2*t + 5 - 1. Let p be (-430)/(-30) - t/(-3). Calculate the greatest